posite?
False
Is 853 a composite number?
False
Is 7723 prime?
True
Is 703507 a composite number?
True
Is 751 a prime number?
True
Is 219251 a prime number?
True
Is 487923 a prime number?
False
Is 56569 a prime number?
True
Is 83837 prime?
False
Is 155069 a prime number?
True
Is 17267 a composite number?
True
Is 11257 a prime number?
True
Is 87757 a prime number?
False
Is 175211 a composite number?
False
Is 591807 a composite number?
True
Is 54437 composite?
False
Is 274874 composite?
True
Is 610867 a composite number?
False
Is 11579 a composite number?
False
Is 1681 a composite number?
True
Is 9029 a prime number?
True
Is 69383 a composite number?
False
Is 313421 a prime number?
False
Is 68827 a composite number?
True
Is 7811 prime?
False
Is 1361 composite?
False
Is 94513 prime?
True
Is 3251 a prime number?
True
Is 26309 a composite number?
False
Is 4193 prime?
False
Is 29917 a prime number?
True
Is 353389 prime?
True
Is 18346 a prime number?
False
Is 43889 a composite number?
False
Is 8566 composite?
True
Is 9941 a composite number?
False
Is 313051 composite?
True
Is 877843 composite?
False
Is 743 prime?
True
Is 3749 a prime number?
False
Is 45673 a composite number?
False
Is 17821 prime?
False
Is 303463 a composite number?
False
Is 117983 a composite number?
True
Is 1829771 composite?
False
Is 787 composite?
False
Is 1523 composite?
False
Is 8497 prime?
False
Is 9661 prime?
True
Is 2429 composite?
True
Is 205 a prime number?
False
Is 2393 prime?
True
Is 244109 prime?
True
Is 5147 composite?
False
Is 1781 a composite number?
True
Is 7079 composite?
False
Is 166187 a prime number?
False
Is 447677 a prime number?
True
Is 17246 a composite number?
True
Is 395507 composite?
True
Is 7151 a prime number?
True
Is 7607 a prime number?
True
Is 140083 a composite number?
True
Is 1069267 composite?
False
Is 115499 composite?
False
Is 410029 composite?
False
Is 23683 composite?
True
Is 17096837 a prime number?
True
Is 36591 a prime number?
False
Is 6833 composite?
False
Is 673 a prime number?
True
Is 1345 a composite number?
True
Is 448765 a composite number?
True
Is 839 a composite number?
False
Is 127 composite?
False
Is 22511 composite?
False
Is 8999 prime?
True
Is 21059 a composite number?
False
Is 20477 a prime number?
True
Is 16873 a prime number?
False
Is 7453 a prime number?
False
Is 3161 prime?
False
Is 7717 a composite number?
False
Is 911 a composite number?
False
Is 5833 prime?
False
Is 3419 composite?
True
Is 169051 a prime number?
False
Is 183659 prime?
False
Is 496385 a composite number?
True
Is 1738457 prime?
False
Is 233 prime?
True
Is 55067 a composite number?
True
Is 152077 a prime number?
True
Is 4721 a composite number?
False
Is 5603 a composite number?
True
Is 460349 composite?
False
Is 2789 prime?
True
Is 78497 prime?
True
Is 16293 prime?
False
Is 9897 composite?
True
Is 2003353 a composite number?
True
Is 252107 a composite number?
True
Is 473117 a composite number?
False
Is 488159 a composite number?
True
Is 73407 composite?
True
Is 13229 a composite number?
False
Is 31307 a prime number?
True
Is 4747009 a composite number?
False
Is 128717 composite?
False
Is 1245037 a composite number?
False
Is 43777 composite?
False
Is 7867 composite?
False
Is 13171 a prime number?
True
Is 4511 composite?
True
Is 300413 a prime number?
True
Is 75373 composite?
True
Is 40354 composite?
True
Is 40801 a prime number?
True
Is 18431 prime?
False
Is 90669 a prime number?
False
Is 61373 a composite number?
True
Is 2221 prime?
True
Is 36107 composite?
False
Is 407401 prime?
True
Is 108347 a prime number?
True
Is 50741 prime?
True
Is 10843 composite?
True
Is 19549 a prime number?
False
Is 1973 composite?
False
Is 76369 a composite number?
False
Is 110977 prime?
True
Is 686087 a composite number?
False
Is 4283 a prime number?
True
Is 11303 a prime number?
False
Is 61211 a composite number?
False
Is 2629 a prime number?
False
Is 83645 a prime number?
False
Is 440301 a composite number?
True
Is 8849 prime?
True
Is 4271 composite?
False
Is 7867 prime?
True
Is 1127911 prime?
True
Is 230539 composite?
False
Is 26279 prime?
False
Is 63613 a prime number?
False
Is 18229 prime?
True
Is 349079 a prime number?
True
Is 4533 a composite number?
True
Is 318377 composite?
False
Is 12659 a composite number?
False
Is 5345 prime?
False
Is 156073 a composite number?
True
Is 12197 prime?
True
Is 82439 prime?
False
Is 526043 prime?
False
Is 284467 composite?
False
Is 3481 a composite number?
True
Is 8057 a composite number?
True
Is 44017 a composite number?
False
Is 285257 composite?
True
Is 335009 a prime number?
True
Is 75817 a composite number?
True
Is 74353 a composite number?
False
Is 15009 prime?
False
Is 16457 composite?
True
Is 20639 composite?
False
Is 168013 prime?
True
Is 10559 prime?
True
Is 38251 a composite number?
True
Is 85987 a prime number?
False
Is 1529 composite?
True
Is 900521 a prime number?
False
Is 23227 composite?
False
Is 2519 a prime number?
False
Is 5449 composite?
False
Is 81397 a prime number?
False
Is 4187 prime?
False
Is 18281 prime?
False
Is 533 a composite number?
True
Is 758845 prime?
False
Is 21001 composite?
False
Is 68395 a prime number?
False
Is 29779 prime?
False
Is 397 prime?
True
Is 603115 a prime number?
False
Is 62189 a prime number?
True
Is 17783 a composite number?
False
Is 93494 composite?
True
Is 481 a composite number?
True
Is 207982 a composite number?
True
Is 1481 a prime number?
True
Is 11279 a prime number?
True
Is 215533 composite?
True
Is 2573 a composite number?
True
Is 120091 a composite number?
False
Is 1514867 a prime number?
True
Is 551849 prime?
True
Is 466603 composite?
False
Is 174821 a composite number?
False
Is 349007 a prime number?
True
Is 164767 composite?
False
Is 1169827 composite?
False
Is 6081 prime?
False
Is 1583227 composite?
True
Is 45434 a composite number?
True
Is 3017122 a prime number?
False
Is 389014 composite?
True
Is 603673 a prime number?
False
Is 4883 a composite number?
True
Is 84921 a composite number?
True
Is 1007 a composite number?
True
Is 914821 composite?
True
Is 357361 composite?
True
Is 131839 a prime number?
True
Is 5351 prime?
True
Is 25989 composite?
True
Is 51383 composite?
False
Is 33403 a prime number?
True
Is 98635 prime?
False
Is 3473 a prime number?
False
Is 14509 a composite number?
True
Is 47251 prime?
True
Is 8287 composite?
False
Is 184901 prime?
True
Is 52627 a prime number?
True
Is 1319 a prime number?
True
Is 59237 a prime number?
False
Is 504739 a composite number?
True
Is 1733 a composite number?
False
Is 14189 a composite number?
True
Is 1516373 a composite number?
True
Is 196681 a composite number?
False
Is 851 composite?
True
Is 5297 a prime number?
True
Is 160135 a prime number?
False
Is 29335 composite?
True
Is 5029 a composite number?
True
Is 23191 composite?
True
Is 2333 composite?
False
Is 284569 a composite number?
True
Is 702983 prime?
True
Is 1313219 a composite number?
False
Is 122963 composite?
False
Is 11272565 composite?
True
Is 139291 composite?
False
Is 12871 a prime number?
False
Is 642137 composite?
True
Is 12659 prime?
True
Is 459451 composite?
True
Is 35201 a composite number?
False
Is 5815 a composite number?
True
Is 21977 prime?
True
Is 3647 prime?
False
Is 71869 a prime number?
False
Is 9523 a prime number?
False
Is 25013 a prime number?
True
Is 52879 a prime number?
True
Is 339151 a prime number?
True
Is 54887 a composite number?
True
Is 3089 a prime number?
True
Is 202277 composite?
False
Is 14 a prime number?
False
Is 782209 prime?
True
Is 17021 composite?
False
Is 2626651 a composite number?
True
Is 371717 composite?
True
Is 97879 composite?
False
Is 118529 composite?
False
Is 265877 a prime number?
False
Is 2173957 prime?
True
Is 111351 a prime number?
False
Is 368021 a prime number?
True
Is 345311 a composite number?
False
Is 5669 prime?
True
Is 188653 prime?
True
Is 1465 composite?
True
Is 3085 prime?
False
Is 64937 a prime number?
True
Is 16441 composite?
True
Is 44435 composite?
True
Is 3329 a prime number?
True
Is 36802 composite?
True
Is 253621 a prime number?
False
Is 14767 a composite number?
False
Is 14107 prime?
True
Is 636149 composite?
False
Is 7327 a composite number?
True
Is 8501 prime?
True
Is 5042 composite?
True
Is